c - -a?
-52
In base 14, what is -1b8 + 0?
-1b8
In base 12, what is -1681 + -1?
-1682
In base 13, what is -1 - b?
-c
In base 9, what is -380 - 3?
-383
In base 9, what is 14 - 27?
-13
In base 10, what is 35 - -8?
43
In base 4, what is 20 + -23?
-3
In base 14, what is -518 + -3?
-51b
In base 3, what is 110 + -100122?
-100012
In base 4, what is 1 - -1133?
1200
In base 14, what is 2 + 18?
1a
In base 13, what is 23 - 5?
1b
In base 10, what is -2 + -135?
-137
In base 16, what is 3 - e0?
-dd
In base 15, what is -2 + 2?
0
In base 3, what is 112022 - -2?
112101
In base 4, what is -21 - 220?
-301
In base 2, what is -11010101110100 + -1?
-11010101110101
In base 11, what is -12 - 31?
-43
In base 8, what is -112 - 10?
-122
In base 16, what is e - -15?
23
In base 5, what is -132 + 323?
141
In base 2, what is -11 - 11101100?
-11101111
In base 15, what is -17 + -a?
-22
In base 11, what is -264 + 2?
-262
In base 11, what is 166 + 6?
171
In base 12, what is -129 - 3?
-130
In base 11, what is 3 + 81?
84
In base 12, what is -449 - -5?
-444
In base 2, what is -101 - -11?
-10
In base 8, what is 34344 - -3?
34347
In base 13, what is -4 - -17?
13
In base 6, what is -3 - 15153?
-15200
In base 10, what is -18 - 1?
-19
In base 11, what is -8 + 73?
66
In base 8, what is 146 + 2?
150
In base 5, what is 10 - 42114?
-42104
In base 4, what is -1 + -1100?
-1101
In base 9, what is -1 - 251?
-252
In base 16, what is -3c + 12?
-2a
In base 13, what is -56 - -b7?
61
In base 3, what is -1020202 - 2?
-1020211
In base 5, what is -13203 + 34?
-13114
In base 12, what is -56 - 2?
-58
In base 7, what is -164 + 60?
-104
In base 8, what is 0 - -241?
241
In base 11, what is 2340 + -2?
2339
In base 14, what is -6 + 113?
10b
In base 9, what is 10 + 24?
34
In base 5, what is 3203 + -3?
3200
In base 3, what is -221 + -1121?
-2112
In base 8, what is -12 + 2424?
2412
In base 12, what is -705 - 20?
-725
In base 16, what is -f7e - -3?
-f7b
In base 14, what is -1d4 + 2d?
-1a5
In base 3, what is -120110101 + 1?
-120110100
In base 14, what is 4 - 15a?
-156
In base 2, what is 101010 - -101110100?
110011110
In base 10, what is 1 - -13?
14
In base 13, what is -1088 + -1?
-1089
In base 11, what is -580 + 5?
-576
In base 12, what is -89 - -29?
-60
In base 3, what is -1122 - 2?
-1201
In base 15, what is 5e - -4?
63
In base 8, what is 2 + -1224?
-1222
In base 2, what is 100011111101 + 100?
100100000001
In base 12, what is 1197 - -1?
1198
In base 3, what is 12021 + -2?
12012
In base 11, what is -16398 + -5?
-163a2
In base 12, what is 62 + 30?
92
In base 5, what is 3 - 20342?
-20334
In base 15, what is -5 - ac?
-b2
In base 15, what is -10 - 70a?
-71a
In base 2, what is 0 + -10010101?
-10010101
In base 10, what is -1359 + 6?
-1353
In base 4, what is 212 + -3?
203
In base 9, what is -12 + -2?
-14
In base 7, what is 5 + -1451?
-1443
In base 8, what is 31 - -12?
43
In base 13, what is 19b - 1?
19a
In base 3, what is -2 + -220?
-222
In base 14, what is -4 + 1d?
19
In base 3, what is -21 + -111?
-202
In base 10, what is 8 - 153?
-145
In base 4, what is -10 + 10332?
10322
In base 4, what is -11220 + 0?
-11220
In base 7, what is 0 - 24?
-24
In base 12, what is 2 + 29?
2b
In base 7, what is 5 - -152?
160
In base 2, what is -1101101 + -101011101?
-111001010
In base 5, what is 1113 - -10?
1123
In base 16, what is -226 + -2?
-228
In base 11, what is 108 - 22?
96
In base 14, what is a4 + 10?
b4
In base 15, what is -7 + -1e4?
-1eb
In base 4, what is 12303313 - -3?
12303322
In base 15, what is 6 + -4c?
-46
In base 4, what is -121 - 310?
-1031
In base 10, what is 113 - 2?
111
In base 4, what is -20 - 11020?
-11100
In base 10, what is 2 - -305?
307
In base 12, what is 4690 - 2?
468a
In base 15, what is be - -4?
c3
In base 10, what is 249 - 3?
246
In base 9, what is -5836 + 1?
-5835
In base 13, what is -5 - 68?
-70
In base 6, what is 0 - -144?
144
In base 12, what is -1 - 9a?
-9b
In base 9, what is 1 + -31?
-30
In base 12, what is -5 - -10?
7
In base 3, what is 12011 + 2?
12020
In base 8, what is 1 + -15?
-14
In base 2, what is 11000001100 - 0?
11000001100
In base 13, what is c + 1b4?
1c3
In base 9, what is -2 - 1377?
-1380
In base 2, what is -10110100 + -1?
-10110101
In base 14, what is -63 + 17?
-4a
In base 12, what is 2 - 125?
-123
In base 7, what is -265 - -13?
-252
In base 8, what is -24 + 102?
56
In base 5, what is 1 + 111?
112
In base 6, what is -154 + -254?
-452
In base 9, what is 2085 - 0?
2085
In base 5, what is 434 - -14?
1003
In base 7, what is -24 + -3?
-30
In base 7, what is -2 + -4345?
-4350
In base 11, what is 335 - -2?
337
In base 13, what is 1b - 21b?
-200
In base 6, what is 4 - 22?
-14
In base 11, what is 11 - 0?
11
In base 8, what is 5772 + 5?
5777
In base 14, what is 38 + -2?
36
In base 9, what is 8 + 184?
203
In base 5, what is 12 - 301?
-234
In base 5, what is -10 - 21242?
-21302
In base 13, what is -2 + -34?
-36
In base 16, what is -3 + 5c?
59
In base 15, what is -11 - -445?
434
In base 2, what is -1 - 111101111110?
-111101111111
In base 13, what is -224 - 5?
-229
In base 15, what is 4 - -58?
5c
In base 16, what is -290 - 9?
-299
In base 4, what is 2031233 - 3?
2031230
In base 6, what is -520 - -33?
-443
In base 6, what is -3141 - 4?
-3145
In base 12, what is 1 - -23?
24
In base 6, what is -4 - -53?
45
In base 15, what is -64a - -1?
-649
In base 9, what is -66 + 10?
-56
In base 3, what is -1 + -20?
-21
In base 10, what is -5 + -43?
-48
In base 10, what is 19 - -172?
191
In base 7, what is 3 + 62?
65
In base 11, what is 47 - a6?
-5a
In base 3, what is -21 - -1?
-20
In base 15, what is -237 + 1?
-236
In base 13, what is -123 - -4?
-11c
In base 9, what is -41 + 17?
-23
In base 7, what is -2 + -50?
-52
In base 12, what is -1 + b8?
b7
In base 3, what is 1121000 + -12?
1120211
In base 2, what is 101011001 + 1?
101011010
In base 7, what is -20 - -1534?
1514
In base 14, what is -7 + -38?
-41
In base 13, what is -a - -17?
a
In base 3, what is 12220202 + 0?
12220202
In base 10, what is -156 + 10?
-146
In base 14, what is -35 + 16a?
135
In base 11, what is 2a7 + 3?
2aa
In base 8, what is -577 + 4?
-573
In base 14, what is -4 - d4?
-d8
In base 15, what is 2 - 168?
-166
In base 2, what is 11 - -100111010?
100111101
In base 4, what is -10 + -310?
-320
In base 3, what is 2111 - -2?
2120
In base 7, what is -13216 - 0?
-13216
In base 3, what is -100012201 - -12?
-100012112
In base 7, what is 46 + 35?
114
In base 3, what is 222212 - -10?
222222
In base 9, what is -1072 - -3?
-1068
In base 15, what is -1b5 + 13?
-1a2
In base 10, what is -18 + -11?
-29
In base 9, what is -522 + -3?
-525
In base 2, what is -101 - -10101100?
10100111
In base 15, what is 4 + 5d?
62
In base 4, what is -11 - 1313?
-1330
In base 7, what is -1164 - 2?
-1166
In base 16, what is -c2 - c?
-ce
In base 8, what is -77 - 5?
-104
In base 9, what is -4 - -43?
38
In base 12, what is -9 - a7?
-b4
In base 6, what is -24 - -22?
-2
In base 16, what is 13 - -15?
28
In base 9, what is 1068 + -1?
1067
In base 13, what is 22 - 2?
20
In base 14, what is 121 - -4?
125
In base 12, what is -14a + 2?
-148
In base 2, what is 101 + 1010001?
1010110
In base 4, what is 22 - -302?
330
In base 5, what is -20111 - -1?
-20110
In base 14, what is 86 + -2?
84
In base 10, what is 211 - -8?
219
In base 10, what is -2 + -316?
-318
In base 4, what is -12 - -10?
-2
In base 10, what is -24875 - 2?
-24877
In base 4, what is -333231 - 11?
-333302
In base 5, what is -1 - 11?
-12
In base 3, what is 12201221 - 10?
12201211
In base 12, what is 2aa - 19?
291
In base 4, what is 3 + 30031?
30100
In base 11, what is 15 - -129?
143
In base 13, what is 5 - -2?
7
In base 15, what is 7 - 31?
-29
In base 6, what is -1 + -552?
-553
In base 14, what is 0 - 3a?
-3a
In base 5, what is 210 - -1134?
1344
In base 9, what is -40 + 18?
-21
In base 6, what is 32 + -1251?
-1215
In base 6, what is -3511 - 0?
-3511
In base 14, what is 5 - 5?
0
In base 6, what is -3 - -2300?
2253
In base 4, what is -2031 + -11?
-2102
In base 8, what is 7514 + -5?
7507
In base 7, what is 132 - -1?
133
In base 14, what is 4 - -67?
6b
In base 2, what is 101 + -1110101?
-1110000
In base 16, what is 43f + -3?
43c
In base 13, what is 4a - 9?
41
In base 10, what is -3 + 64?
61
In base 11, what is 4 + 199?
1a2
In base 8, what is 0 + 2